Calculate (25 - -26) + -38 + -1.
12
6 + (7 - 1) + 11
23
Calculate -3 + -5 - -13 - (-4 - 0 - 1).
10
What is the value of (5 - (-3 - -6)) + -3 - (-86 + 86)?
-1
What is 36 - ((2 - -6) + 12)?
16
What is 5 - (-8 - (15 - 7 - 4 - -2))?
19
What is the value of -17 + (-56 - -37) - -39?
3
What is the value of -1 + -16 + 22 + (6 - -1)?
12
What is -1 + -1 + -3 + (-13 - 4) + 21?
-1
Evaluate 3 + 3 - (-8 + 0 + (-1 - -4)).
11
What is the value of (55 + -50 - (4 + -1)) + 1?
3
What is the value of 15 + -19 + -6 - (0 + -18)?
8
151 - 137 - (4 - (5 + -2))
13
Calculate (13 - (14 - 14)) + -2 + -7.
4
What is the value of (45 - 28 - 26) + -16 + -1?
-26
Evaluate 21 + (-12 - 13) + 8 + 2.
6
What is the value of (15 + -2 - 8) + 9?
14
1 + 10 + -279 + 280 + 0 + 7
19
What is 11 - ((8 - (-8 - -3)) + -11)?
9
-2 - ((1 - 22) + (-15 - (1 + -12)))
23
-7 + -1 - ((4 - -27) + -28)
-11
Calculate -22 + (9 - (-1 + -16)).
4
12 + (-87 + 88 - (2 + -7))
18
3 + 4 + -4 + -8 - 2
-7
What is the value of 7 + -18 + 2 + 6?
-3
What is the value of 0 + -12 + 10 + 0?
-2
What is (-4 - (17 + -6)) + -55 + 72?
2
What is 3 - (-5 + (6 - 11) - -4 - -9)?
0
Calculate 1 + 4 + (2 + 3 + -4 - -10).
16
-9 - -7 - -4 - (3 + 0 - 0)
-1
-11 + -25 + 20 + 23
7
-13 + (0 - (8 - (8 - -4)))
-9
What is 6 - (9 + 9) - (-4 - -6)?
-14
-41 - (-23 - -8) - 0
-26
What is -8 + 5 - (-4 - 2 - (1 - 5))?
-1
What is the value of (23 - 29 - (-1 + -3)) + 2 + -8?
-8
What is 2 + -2 + (73 - 60)?
13
(-11 - (12 - 31)) + (-26 - 6)
-24
Calculate (-19 - -13) + (3 - -1 - -3).
1
-11 + 12 + (2 - 15) + 1
-11
Calculate 8 + -17 + -33 + 68.
26
Calculate -14 - -6 - ((3 - -17) + -40).
12
(-6 - -2 - 5) + 5
-4
What is 15 + (-86 - -22) - -24?
-25
(50 - 24 - -4) + -7
23
Evaluate (21 - 3) + (-11 - 2).
5
What is the value of (9 - (22 - 9)) + (-11 - 0)?
-15
What is the value of -15 - (-2 + -1 + -8 + 4 + 9)?
-17
Calculate -21 - (-21 - (-14 - -2)).
-12
What is (9 + -19 - -8) + -3?
-5
What is the value of -6 + (-23 + 13 - (-1 + -3))?
-12
What is the value of (1 - (-13 + 0)) + -201 + 198?
11
What is 48 + -81 - (-26 + 0)?
-7
-1 + -8 + (-2 + -7 - (10 + -28))
0
1 + -1 + -9 + -2 + (2 - -22)
13
What is -2 + 17 + (-13 - (8 - 13 - 2))?
9
What is (3 - -2) + -4 + 12 + -11 - -7?
9
What is the value of (-5 + 9 - -2) + (19 - 3) + 7?
29
(-3 - 10 - (25 + -52)) + -1
13
Calculate 4 - (3 + (-8 - (6 - 5)) + -2).
12
Evaluate (-21 - -34) + 12 - 7.
18
What is the value of -303 + 309 + 1 + 23?
30
What is the value of -12 + 0 + 10 + -5 + 16?
9
Calculate (1 - (-20 - -4)) + (-273 - -285).
29
Calculate -35 + (-40 - -46) + 10.
-19
What is the value of -9 - (3 - 8) - (-2 + 0 + -3)?
1
Calculate 4 - ((14 - 0) + -7) - (-2 - -1).
-2
-15 - -12 - -17 - 17 - 12
-15
What is -3 + (5 + 2 - (16 - 1))?
-11
What is 4 + (3 - 1 - (-8 - (15 - 31)))?
-2
-4 - ((3 - 10) + 5 - -10)
-12
What is the value of -15 + 1 + 17 + 0?
3
Calculate 2 - 2 - (-868 - -849).
19
(1 - 6) + (15 - 15) + -5 + -15
-25
Calculate 17 + (5 - (-11 - -34)).
-1
Evaluate 3 + 45 + -54 + 8 + -1.
1
What is the value of 11 + -36 - (-2 + -11)?
-12
9 + ((11 - 5) + -7 - 6 - -7)
9
(-1 - 1) + (-1 - 12) + -20 + 38
3
Calculate -493 + 465 - (0 - 13).
-15
Calculate -4 + 7 + -7 + (-5 - -6) - 1.
-4
1 + -2 + (41 - 22)
18
Calculate 14 + -12 + 18 - 17.
3
4 + (3 - -3) - (46 - 36)
0
What is the value of -2 - -1 - (5 - 6 - (40 + -35))?
5
What is the value of 2 + -19 - (332 + -347)?
-2
(-6 - 29) + (61 - 23)
3
(-1 - -12 - (15 - 3)) + 18
17
What is the value of 5 + (-18 - -15) - 5?
-3
Evaluate -14 + 1 + 17 + -21.
-17
What is the value of 19 - (12 - -1) - -3 - 2?
7
What is the value of -9 + -13 + (27 - 23)?
-18
What is -1 + -43 + 51 + 2 + -26 + 7?
-10
-1 - -3 - ((-24 - -37) + -14)
3
Evaluate (12 - 16) + 5 + -9.
-8
What is 11 - (61 - -1 - 32)?
-19
What is 5 - (6 - 3) - (4 - (-6 - -6))?
-2
(-12 - (1 + -6)) + -2 + -8
-17
What is -8 + (2 - (-3 - -28))?
-31
Calculate 0 + -11 + 38 + -27.
0
Calculate (-21 - -1) + (-10 - (-6 - -14 - 14)).
-24
What is 0 + 3 - (-125 - -127)?
1
What is the value of 1678 + -1676 + -8 + -1 + 0?
-7
12 + 0 - (0 + 5)
7
Calculate 9 + -21 + 10 + 12 - 2.
8
Calculate -25 + -2 + (19 - 4) + 5 + -13.
-20
Evaluate -10 + 6 - -26 - 9.
13
-6 - (1 - -2) - (-1 - (-9 - -16))
-1
What is 18 + 5 + -11 + -18?
-6
Calculate -18 + (-17 - 9) + 7 + 7.
-30
(5 - -21) + -9 + -1
16
What is the value of -22 - (-1 + (-8 + 6 - 7 - 1))?
-11
What is (-16 - -27) + (-13 - 1)?
-3
Calculate 23 + (-5 - (57 + -34)).
-5
What is the value of -37 + 26 + (11 - 14)?
-14
Calculate -1 + -15 - (-6 - (0 - -1)).
-9
-8 + (0 - -6 - 1 - -10) + -3
4
-2 - (-1 - -3 - 6) - 11
-9
Calculate 6 + (19 - 24) + -6 + 3.
-2
Evaluate 5 - (33 + -2 + -33).
7
What is 315 + -336 + (-1 - -9)?
-13
What is -2 - -8 - (-48 + 62 - (-6 - 1))?
-15
What is the value of (3 + -12 - -1) + (5 - -5)?
2
Evaluate -13 - (-13 + -17) - 9.
8
Calculate 8 + (-15 - 4 - -1).
-10
(-3 - (5 - 2) - (5 - 6)) + 7
2
Calculate (20 - 29) + 16 + 8.
15
Evaluate 37 + (-26 - 15) - (2 - -3).
-9
What is the value of 63 - 59 - (-5 + -12)?
21
What is the value of 2 - 26 - (-398 + 380)?
-6
What is -2 + (-7 - -3) - (6 - (1 - 9))?
-20
What is the value of (-21 - -5) + -3 + 4 - -2?
-13
Evaluate (0 - -1 - 12) + 129 + (-80 - 59).
-21
What is -38 + 18 + (7 - 3)?
-16
Evaluate (-3 - (-1 + -1)) + (53 - 56 - -13).
9
Calculate (21 - (41 + -40)) + 0.
20
What is the value of 4 + (-3 - ((-1 - 5) + 5 - 1))?
3
What is 7 - (46 + 4) - -1 - (32 + -43)?
-31
Evaluate 8 - (15 + -11 + -2 + 6).
0
What is -14 + 0 + 17 + 0 + (-80 - -73)?
-4
What is the value of 22 - (7 - -36 - 22)?
1
Calculate (-9 - 4) + (-1 - (-3 + -5 + 8)).
-14
Evaluate -11 + (3 - 15) - -38.
15
25 + 9 - ((12 - 3) + -1 - 6)
32
Evaluate 2 - (4 - (0 - (-6 - -1)) - 0).
3
-15 - (-36 + 21) - (0 - -4)
-4
Evaluate 5 + -18 - -4 - (3 - 8) - -2.
-2
Evaluate 1 + (-5 + (2 - 7) - -2) - -5.
-2
Evaluate -26 - ((-44 - -57) + (-13 - (-7 + 2))).
-31
Evaluate 9 + (-4 + 14 - (-61 + 65)).
15
What is the value of (2 - 1) + 7 + -4 + (7 - 13)?
-2
What is the value of (-5 - -4 - -18) + -8?
9
Evaluate -1 + -5 + 17 - (-2 + 8 + 4).
1
Evaluate 2 - (-12 + (-1 - (8 + -15 + 1))).
9
Calculate (0 - 33) + 45 - 44.
-32
5 - (-6 - (-18 + 10))
3
What is 13 - 5 - (-34 + 43)?
-1
What is 8 - ((-14 - -10) + 4)?
8
Calculate (11 + 4 - 2) + -14.
-1
Evaluate 10 + 23 - 27 - (-2 - (2 + -2)).
8
-5 + -5 - -2 - (-24 - -10)
6
8 + -8 + -15 + 3 - -1
-11
-20 - ((-38 - -13) + 13 + 12)
-20
Calculate -36 - (-50 + 29 + -11).
-4
1 + -2 + 6 + -2 + (169 - 145)
27
Calculate -1 + -6 - (-2 - (5 + (4 - 3))).
1
What is (1 + -24 - -41 - (0 - -1)) + 5?
22
What is (-31 - (-47 + 9)) + (-2 - 7) + -2?
-4
Calculate 18 - (3 - 0 - (-27 + 25)).
13
What is -10 + -4 + (2 - (0 + -3))?
-9
Evaluate 11 + (-12 - -7 - 8).
-2
-292 + 257 - (-14 + (3 - 0))
-24
Evaluate 15 - -1 - 0 - (-27 + 33).
10
Calculate -4 + (12 - (-11 + 21)).
-2
(6 - -14) + -15 - 3
2
What is (25 - -11) + -34 + 0 + 3 + -2?
3
Calculate -36 + 8 + 24 - (21 - 1).
-24
What is -408 - -399 - (3 + -1 + 1 + -39)?
27
What is -2 + 10 + -1 - (-5 - (-27 + 25))?
10
What is the value of -11 + (-3 - (-16 + 9) - (-1 - 26))?
20
Evaluate -2 + 1 + (10 - -3 - 26).
-14
Evaluate 59 + -38 - 2 - (-2 - -18).
3
What is 1 - (2 - (-3 - -13)) - (-186 + 209)?
-14
What is the value of 5 + 1 - (-52 - -54)?
4
Calculate -24 - (6 + 5) - -46.
11
6 + 29 + -64 + 2
-27
(-8 - 10) + 9 + -8 + 12
-5
3 + 0 - (265 + -280)
18
Calculate 351 + -341 - (-2 + -16 - -1).
27
What is 7 + -5 - -21 - (17 + -8)?
14
What is -41 + 50 + (8 - 0)?
17
Evaluate 16 - (-8 + 30 + -21).
15
-35 + 61 - 12 - -6
20
What is 1 + 13 + -5 + 2 + (14 - 12)?
13
Evaluate 120 - 88 - (57 - 2).
-23
Calculate (0 - (-31 - -12)) + -1 - 44.
-26
(-18 - -19) + -10 + 18
9
Evaluate (-8 - -18) + (-32 - -10).
-12
What is 0 + -4 - 1 - (26 - (32 + 12))?
13
-6 - (-19 - (1 - 6 - (5 + -6)))
9
What is (18 + -15 - 38 - -12) + -6?
-29
-5 - (4 + -2) - (-10 - (5 - -2))
10
21 + -19 - (10 + 3) - -5
-6
What is -2 - (-6 - (-11 + 1))?
-6
What is the value of (-41 - -9) + 44 - 2?
10
Evaluate -53 + 53 + (-4 + -4 - (0 - -3)).
-11
What is 29 + -27 - (1 + 7)?
-6
What is (4 - 1) + (-50 - -29 - -9)?
-9
What is the value of -3 + -2 + (-91 - -89) + 11 + 1?
5
What is -15 + (58 - 55) + 0 + -4 + 2?
-14
What is the value of 4 + 15 + -15 + -8?
-4
-8 + -1 - (18 - (-5 + 18))
-14
Evaluate (-19 - -1) + 37 + -43 + 15.
-9
Calculate -11 - (1 + -49 + (8 - -1 -